-4)?
2, 3
Suppose 4*b + 2*v = 40, -3*b + 69 - 25 = 5*v. Suppose b*y - 109 = 291. List the prime factors of y.
2, 5
Suppose 3*h = 5*d - h - 4, 8 = 2*h. Suppose 0 = d*n + f - 1 - 2, 5*f = n - 27. Suppose 5*s - 3*s = -5*c + 60, n*c = 4*s - 72. What are the prime factors of s?
2, 5
Let u(c) be the second derivative of -c**4/12 + c**3/2 - 3*c**2/2 + 12*c. Let w be u(3). What are the prime factors of 5/((w - 2)/(-25))?
5
Let j = 53 + -61. List the prime factors of (18/j)/(-5 + 985/200).
2, 3, 5
Let m = -71 + 56. List the prime factors of (-2 + (-12)/30)*m*2.
2, 3
Let r(m) = 54*m + 15. Let l(x) = 2*x - 1. Let c(k) = 18*l(k) - r(k). List the prime factors of c(-14).
3, 73
Suppose 4*a = -5*p - 151, -3*a + 8*a + 4*p + 182 = 0. Let u = -45 + 22. Let q = u - a. What are the prime factors of q?
11
Let f(y) = -2*y - 15. Let l be (3 + 4 + -4)*-3. List the prime factors of f(l).
3
Suppose x = -4*x - 35. Let h(s) = s**2 + 5*s - 123. Let u be h(9). Let t = u - x. List the prime factors of t.
2, 5
Suppose 3143 = 19*c - 5122. List the prime factors of c.
3, 5, 29
Let l = 288 + 1024. What are the prime factors of l?
2, 41
Let g(k) = -7*k + 1. Let h be g(5). Let r = 1306 + -1375. List the prime factors of (-1)/(2 - r/h).
2, 17
Suppose p = -w + 4, p - 9 - 13 = 5*w. List the prime factors of 4*8*(9 - p).
2
Suppose -7 - 13 = 4*c. Let a(m) = -3*m + 4 + 6*m**2 + 0*m - m**2 + 13*m**3 - 12*m**3. What are the prime factors of a(c)?
19
Let z(v) = v**3 + 37*v**2 - 45*v - 100. List the prime factors of z(-38).
2, 83
Let y be ((-2)/(-4) + 1)*184/69. Suppose 123 = 4*j + y*p - p, 5*j + p = 162. What are the prime factors of j?
3, 11
Let t = 19 + -17. Let u = t - 0. Suppose y = -u*y + 24. What are the prime factors of y?
2
Let v = 188 + -90. List the prime factors of v.
2, 7
Let i(x) = 5*x - 27. Let s(n) = 26*n - 136. Let d(a) = -22*i(a) + 4*s(a). What are the prime factors of d(6)?
2, 7
Let i(g) = g**2 + 7*g + 10. Let s be i(-9). Let x = s - 15. Let a = x - -7. What are the prime factors of a?
2, 5
Suppose -5*x - 6 = -2*x. Let w be (-13)/(-3) + x/(-3). Suppose w*t = 4*k + 170, 0*t - 5*k + 177 = 4*t. What are the prime factors of t?
2, 19
Suppose 7 - 175 = -2*b. Suppose -4*i + 280 = b. What are the prime factors of i?
7
Let b(r) = r**3 - 33*r**2 - 23*r - 23. What are the prime factors of b(34)?
3, 13
Suppose 7*m - 6004 = 5896. What are the prime factors of m?
2, 5, 17
Let d(z) = z + 153. List the prime factors of d(-18).
3, 5
Let p(q) = -q**3 - 14*q**2 + 13*q + 32. List the prime factors of p(-16).
2, 3, 7
List the prime factors of (-11388)/(-33) - (-19)/(-209).
3, 5, 23
Let q = -63 - -105. Let i = 3 + 0. What are the prime factors of (5 - i - 5) + q?
3, 13
Suppose 5*w = 2*w + 24. Let x = w - 6. Suppose 0 = x*j + 5*q - 79, q = -j + 11 + 24. What are the prime factors of j?
2
Let g(h) = -420*h + 216. List the prime factors of g(-5).
2, 3, 193
Let a(q) = q**3 - 6*q**2 + 6*q + 3. Let h be a(5). Let z(x) = 2*x**3 - 13*x**2 + 4*x + 6. List the prime factors of z(h).
2, 5, 23
Let p = 11 + -6. Suppose -p*a = -a - 4, -m = -3*a - 52. What are the prime factors of 3/(-1) + m + 12?
2
Let k(a) = -2*a**3 - 12*a**2 + a + 4. Let i be k(-6). List the prime factors of -91*(i + (-8)/(-7)).
2, 3, 13
Suppose -3*s + 158 = -5*c - s, -20 = -5*s. Let r = c + 47. What are the prime factors of r?
17
Let f(p) = 52*p**2 - p + 2. Suppose -10 = -5*n + 5*y, -n - 3*y = 2 - 0. What are the prime factors of f(n)?
53
Let l(h) = -h**3 - h**2 - 2*h + 4. Let u(c) = c**3 + 2*c**2 + 2*c - 4. Let i(n) = 3*l(n) + 2*u(n). Let z be (-4 - -5)/((-2)/6). List the prime factors of i(z).
2, 23
What are the prime factors of (-10 + (-2101)/(-11))/(1/5)?
5, 181
Suppose -129*n = -121*n - 3016. What are the prime factors of n?
13, 29
Let v = 1047 + -495. What are the prime factors of v?
2, 3, 23
Suppose -1 = -y, -2*f + 2*y + 7 = y. Let b(s) = 2*s**2 - 3*s - 9. What are the prime factors of b(f)?
11
Suppose 143*a - 132*a - 6303 = 0. List the prime factors of a.
3, 191
Let b(m) be the second derivative of -m**4/12 + 6*m**3 - 23*m**2 + 14*m. List the prime factors of b(21).
269
Suppose -12*v = -1353 - 1599. List the prime factors of v.
2, 3, 41
Suppose 52 = -11*y - 2*y. Let d(s) = s**3 - 4*s - 10 + 4*s**2 + 0*s**2 + 0*s**3. List the prime factors of d(y).
2, 3
Let s(r) = 3*r**2 - 6*r + 15. Let u(x) = 83*x**2 + 61 - 70*x**2 - 18*x - 5*x. Let i(z) = 9*s(z) - 2*u(z). What are the prime factors of i(10)?
3, 11
Suppose 3*f + 2*g = f - 14, -f + 9 = 5*g. Let t(k) = k**3 + 11*k**2 - 14. Let j be t(f). What are the prime factors of (35/j)/((-2)/44)?
5, 11
Let y(x) = 147*x + 39. What are the prime factors of y(6)?
3, 307
Let u(x) be the second derivative of 2*x**4/3 - x**3/3 - x**2 + 4*x. Let s be u(3). Suppose 0 = -4*z + 2*z + s. What are the prime factors of z?
2
Let m = 269 - 183. Suppose 0 = 3*z + 5*t - m, 5*z - 178 - 32 = 5*t. List the prime factors of z.
37
Let i be -15*((0 - 0) + 1). Let y be (-306)/(-10) - (-9)/i. Let l = y - 16. List the prime factors of l.
2, 7
Let h(n) = -2*n - 4. Let g be h(-4). Suppose -4*f - 140 = -5*p, 5*f - 214 = -g*p - 61. What are the prime factors of p?
2
Let o be (-1 + 1)/(1 - 3). Let i be ((-6)/9)/((-5)/30). Suppose o = 4*s + i*s - 80. List the prime factors of s.
2, 5
Let i be 9/6*24/18. Suppose -i*j - 287 = -9*j. What are the prime factors of j?
41
Let c be -2 + 0 + 3 - 10. Let u(y) = y**3 + 9*y**2 + 13. Let r be u(c). What are the prime factors of r/52 - 31/(-4)?
2
Suppose 10212 = -2*z + 14*z. List the prime factors of z.
23, 37
Suppose -19*q - 1020 = -22*q. Suppose 3*f - g - q = g, -5*f + 3*g + 565 = 0. What are the prime factors of f?
2, 5, 11
Suppose 4*g + 71 = 3*g. Suppose -h = h + 64. Let u = h - g. List the prime factors of u.
3, 13
Let o = 1221 + -859. What are the prime factors of o?
2, 181
Let b = 3969 + -2815. What are the prime factors of b?
2, 577
Suppose 2*r + r + 4*x = 173, -x + 2 = 0. Let s = -58 + 62. Suppose s*n = -n + r. List the prime factors of n.
11
Suppose 0 = 114*q - 111*q + 384. Let g = 233 + q. What are the prime factors of g?
3, 5, 7
Let x = 504 - 236. What are the prime factors of x?
2, 67
Suppose 387 = y - 2*i + 3, -2*i = 3*y - 1120. List the prime factors of y.
2, 47
Suppose 4*j + 21 = s, -1 = -3*s + 7*s + j. List the prime factors of 2/(s - 908/916).
229
Let i(a) = -a**3 + 2*a**2 + 3*a - 1. Let r be i(2). Suppose -3*u + 205 = -r. List the prime factors of ((-8)/(-10))/(2/u).
2, 7
Let y = -12 + 119. Suppose 0 = 2*t - 1 - y. List the prime factors of t.
2, 3
Let y(k) be the third derivative of -13*k**4/24 - 5*k**3/6 - 3*k**2. What are the prime factors of y(-3)?
2, 17
Suppose 4*g - 12540 = -6*q + 7*q, 3135 = g - q. What are the prime factors of g?
3, 5, 11, 19
Let s = 2468 - 1711. What are the prime factors of s?
757
Suppose -4*d = -40 + 12. Let g(r) = 3*r - 1 - d*r**3 - 5*r + r - r**2. List the prime factors of g(-1).
2, 3
What are the prime factors of 2 - 36/24 - (-6998)/4?
2, 5, 7
Suppose -3*j = -0*j - 12. Let x(n) = n**2 - 4*n + 3. Let s be x(j). Suppose -s*p + 82 = -0*d + 2*d, -4*d - 3*p = -170. List the prime factors of d.
2, 11
Let q = -13 + 13. What are the prime factors of (q + -8)/((-24)/(-9) - 3)?
2, 3
Let c(r) = 11*r**2 - 2*r - r**3 + 0*r - 4*r**3 + 6*r**3. Let b be c(-10). Let o = b + -84. What are the prime factors of o?
2, 3
Let z = -419 - -609. Suppose z = 5*k - 395. List the prime factors of k.
3, 13
Let a be 11/(-4)*((-13 - 4) + 1). Let c = 21 - -5. Let n = a - c. What are the prime factors of n?
2, 3
Let y(j) = -5*j**3 + 11*j**2 - 13*j + 2. Let v(k) = -4*k**3 + 12*k**2 - 14*k + 1. Let d(a) = -4*v(a) + 3*y(a). List the prime factors of d(14).
2, 11
Let p = -691 - -3185. List the prime factors of p.
2, 29, 43
Suppose 10*z + 5*h - 85 = 5*z, 29 = z + 5*h. Let w be (-3 - 4/(-4)) + z. Suppose 3*f - w = -3*f. What are the prime factors of f?
2
Suppose -2*i = i - 9. Let w(r) = -3*r - r**2 + 10*r + 0*r - 1. List the prime factors of w(i).
11
Let q(n) = 2*n + 9. Let c be q(8). Suppose -5*o = -3*j + 6*j - c, j - 2*o - 12 = 0. Suppose -6 = -l + j. List the prime factors of l.
2
Let n be (2 - -1)/((-6)/(-16)). Suppose 2*c = -b + n, -9 = -2*c - 3. List the prime factors of ((-24)/10)/(b/(-35)).
2, 3, 7
Suppose -2*a + 306 = 5*y, 13*a - 12*a = 5*y + 138. What are the pr